= 169 - 114. What is the greatest common factor of h and q?
55
Let i(b) = b**2 - 12. Let w be i(0). Let a be (w/(-10))/(30/1400). Calculate the highest common divisor of a and 448.
56
Suppose 3*r = 5*d + 886, -5*r - 153 = 5*d - 1563. What is the highest common factor of 63 and r?
7
Suppose -8*x + 11 = -5*x + k, 5*x = -k + 15. Suppose -5*d = x*j - 750, -2*d - 17 = 4*j - 317. What is the greatest common divisor of 40 and d?
10
Let n = -2056 + 2761. What is the greatest common divisor of n and 20?
5
Let f = -1106527 + 1106553. Let d = 14 - 10. Suppose -d*r + 156 = -52. Calculate the highest common factor of f and r.
26
Suppose 2*f - 6*f + 212 = 3*n, -2*n + 8 = 0. Suppose f = -u - 9*u. Let l be ((-20)/u - (-3 + 7)) + 32. What is the highest common divisor of l and 4?
4
Let i be (-1362)/15*((-256)/640)/(4/2525). What is the highest common factor of i and 101?
101
Let b(o) = 4*o**2 - 233*o - 347. Let g be b(64). Calculate the greatest common divisor of g and 45.
45
Let y(o) = -502*o + 3795. Let b be y(6). What is the greatest common factor of 81 and b?
27
Suppose -5*v - 4*s = -548, -2*v - 3*s - 108 = -323. What is the greatest common factor of v and 2000?
16
Let u be (-480)/100*((-1)/(-2) - (-23728)/(-96)). What is the greatest common factor of u and 518?
74
Let d be 291 - (4 - ((-4)/(-2) - 3)). Let f = d + -166. What is the highest common factor of f and 300?
60
Let l = 1317 - 1265. What is the greatest common factor of 2522 and l?
26
Let u(p) = 40*p + 5. Let r be u(5). Let l be 28500/684 - ((-10)/(-6) + -1). Calculate the highest common divisor of l and r.
41
Suppose -5*d + 218 = -5*j + 18, 32 = d - 3*j. Let z = 53 - d. Suppose -36 - 108 = -z*c. What is the highest common factor of 80 and c?
16
Let r be 8940*(8/30 + (4 - 72/20)). Calculate the greatest common factor of r and 40.
40
Let b = -491 - -601. What is the greatest common divisor of b and 2090?
110
Suppose 9*r - 3*r - 90 = 0. Let v = 2616 + -1778. Suppose -v - 152 = -6*x. What is the highest common divisor of r and x?
15
Let x = -538 - -422. Let d be -259*(1 + 0 + -2). Let m = d + x. Calculate the greatest common factor of 13 and m.
13
Let n(l) = 375*l - 2000. Let u be n(8). Calculate the highest common factor of u and 2400.
200
Suppose 10*g - 2916 = -2*g. Let d = g + -84. What is the highest common divisor of 212 and d?
53
Let p = 41 + -9. Let s be 28/3*(-696)/(-812). Calculate the highest common divisor of s and p.
8
Let d(h) = 9*h**2 + 168*h - 119. Let f be d(-20). What is the highest common divisor of f and 858?
11
Suppose -566*d + 664 = -565*d. Calculate the greatest common factor of 24 and d.
8
Suppose 110*u - 520 = 105*u. Let d(z) = -154*z - 348. Let q be d(-8). What is the greatest common divisor of q and u?
52
Let b = 8547 + -3170. Calculate the greatest common divisor of 171 and b.
19
Let z(m) = 3*m - 6. Let h be z(19). Let a be ((-1)/(-3))/(2/24). Suppose -4*y = -a*n - 0*y + 268, -1 = -y. Calculate the highest common factor of h and n.
17
Suppose -3*p - 12 = 0, -l - 3*l - 3*p = 60. Let f(m) = 9*m + 124. Let o be f(l). Calculate the highest common divisor of 256 and o.
16
Suppose 68 = -7*p + 24*p. Let i = -51 - -63. Let r(s) = -s**2 + 15*s + 12. Let a be r(i). Calculate the greatest common factor of p and a.
4
Let y be -5 + (-1)/(6/(-78)). Suppose 0 = y*i + 343 - 1431. What is the highest common factor of 8 and i?
8
Suppose 4*o + 150 = -3*c + 717, c - 5*o = 189. What is the greatest common factor of c and 105?
21
Let h(m) = -169*m - 4987. Let i be h(-56). What is the highest common divisor of 55 and i?
11
Suppose -67*a + 64*a - 210 = -5*i, -a = 5*i - 230. What is the greatest common factor of 5880 and i?
15
Let p = -154 - -168. Let h = p + -10. Calculate the highest common divisor of h and 12.
4
Suppose 5128*l - 31161 = 5115*l. What is the greatest common factor of 357 and l?
51
Suppose 0 = -h - 5*t + 5982, -4*h - 24*t = -29*t - 23753. What is the greatest common factor of 19 and h?
19
Let s(c) = -135*c + 13. Let q be s(-4). Suppose 4*p - q = 267. Let a(z) = -z**2 - 2*z + 82. Let t be a(0). Calculate the highest common divisor of p and t.
41
Let z(l) = 2*l**3 + 43*l**2 - 48*l + 15. Let n be z(-23). Let h = n - -868. Calculate the greatest common factor of 32 and h.
16
Let p(u) = -u**2 + 19*u + 24. Let f be p(20). Suppose 5*w - 190 = 4*z - 9*z, f*w - 190 = -5*z. What is the greatest common divisor of z and 171?
19
Let t be (-2 + -15)/1*1. Let f(o) = -9*o - 85. Let n be f(t). Calculate the highest common factor of n and 51.
17
Let g = -1 - -41. Let u be (-1204)/(-6) + 14/(-21). What is the highest common divisor of u and g?
40
Let z(j) = -682*j**2 + 4097*j - 20. Let b be z(6). Calculate the greatest common divisor of b and 6010.
10
Let n = -15398 + 15443. Suppose 4*t - 2*y = 826, 4*t - 3*y - 829 = -4*y. Calculate the highest common factor of t and n.
9
Suppose -6*j + 48078 = -2*j + 2*g, 48072 = 4*j - 4*g. Calculate the highest common divisor of 595 and j.
119
Let y = -3028 + 3371. What is the highest common factor of y and 147?
49
Let n = -2679 - -2681. What is the highest common divisor of 158 and n?
2
Let r(u) = -u**2 + u + 147. Let q be r(11). What is the highest common factor of 3293 and q?
37
Suppose -178*g + 41265 = -47*g. Calculate the greatest common divisor of 3015 and g.
45
Let c = 435 + -185. Let j(h) = -h**3 - h**2 + 12*h - 20. Let d be j(-5). Calculate the highest common factor of d and c.
10
Suppose -4*v + 0*y = 5*y + 146, 4*v = -3*y - 150. Let k = 51 + v. Suppose 2*m + k = 5*m. What is the highest common divisor of 44 and m?
4
Let z be 38756/30 - 12/2160*-24. Calculate the greatest common factor of z and 153.
17
Suppose -12*n + 36 = -10*n. Let z(y) = y**3 + 13*y + 11*y**2 - 15*y - 14 - 2. Let p be z(-11). What is the greatest common divisor of p and n?
6
Suppose j = -4*j - 10, 3*d - 4*j - 1619 = 0. Suppose 527*q + 11100 = d*q. What is the highest common divisor of 30 and q?
30
Let z(g) = -g**3 + 6*g**2 + 7*g + 3. Let w be z(7). Suppose 0 = y + w*y - 192. Suppose 4*r = -15*r - 2*r + 252. Calculate the highest common factor of r and y.
12
Let w be 1/5 + ((-28580)/(-25))/4. Suppose 149*d + w = 160*d. What is the greatest common factor of d and 1586?
26
Let a be ((-5 - 4) + 12)/(1 + -2). Let x be -14*((-51 - a) + -2). Calculate the greatest common factor of 28 and x.
28
Suppose -30 = -288*u + 286*u. Let v be (-3)/2 + 164/8. Suppose 2*k + 7 = v. Calculate the highest common factor of k and u.
3
Let x = -97 - -58. Let h = 39 + x. Let j(g) = -2*g**2 - g + 14. Let t be j(h). Calculate the greatest common divisor of t and 2.
2
Let y be (3/2*(-5)/(-3))/((-9)/(-162)). What is the highest common factor of 423 and y?
9
Suppose -134*c = -69*c - 63*c - 800. Let l be 0 + 4 - 276/(-6). What is the highest common factor of c and l?
50
Suppose -291681 = -175*b + 399*b - 736993. What is the highest common factor of b and 364?
28
Suppose -44*s - z = -38*s - 1344, 5*s - 1120 = 3*z. What is the highest common factor of 1876 and s?
28
Suppose 26*u + 2*u - 1951 - 3425 = 0. What is the highest common divisor of u and 312?
24
Let f(i) = -i**3 - 9*i**2 + 14. Let g be f(-11). Let a(p) = 2*p**2 + 26*p. Let m be a(-16). Calculate the greatest common factor of m and g.
32
Let j = 328 - 318. Suppose -16 = 2*o - 5*l, -j = 8*o - 5*o - 4*l. Calculate the highest common divisor of 106 and o.
2
Let a be 9*(56/8 + 22). Let v = 124 - 95. Calculate the greatest common divisor of a and v.
29
Let r(k) = 2*k. Let s be r(10). Suppose -5*w + 4*w + 3 = 0. Suppose 27 + 3 = w*y. Calculate the highest common divisor of s and y.
10
Let i(y) = 52*y + 175. Let j be i(-3). What is the greatest common factor of 9063 and j?
19
Let h = -95 - -167. Let g(i) = 4*i + 104. Let p = -294 + 271. Let x be g(p). What is the highest common factor of h and x?
12
Let j be ((-143)/198 + (-1)/18*-4)*-186. Suppose -62 = 2*c - 3*c. Calculate the greatest common divisor of c and j.
31
Let j(l) = -6*l**2 + 148*l + 103. Let h be j(25). What is the highest common factor of h and 795?
53
Suppose 428*k = 66*k + 10860. Let u(l) = 127*l**2 + l. Let a be u(2). Calculate the greatest common factor of k and a.
30
Let k be ((-210)/(-4))/(-1)*-2. Let i = 8826 + -8796. Calculate the highest common factor of k and i.
15
Let t be 185/3 + 2/(-3). Let